{"id":84,"date":"2025-05-21T19:34:39","date_gmt":"2025-05-21T17:34:39","guid":{"rendered":"http:\/\/localhost\/wordpress\/?page_id=84"},"modified":"2025-05-30T19:31:55","modified_gmt":"2025-05-30T17:31:55","slug":"escola-popular","status":"publish","type":"page","link":"https:\/\/casaforaui.org\/index.php\/escola-popular\/","title":{"rendered":"Escola popular"},"content":{"rendered":"\n<figure class=\"wp-block-image aligncenter size-full is-resized\"><img loading=\"lazy\" decoding=\"async\" width=\"270\" height=\"345\" src=\"https:\/\/casaforaui.org\/wp-content\/uploads\/2025\/05\/escola_Popular_Ca_Saforaui2.png\" alt=\"\" class=\"wp-image-222\" style=\"width:200px\"\/><\/figure>\n\n\n\n<div style=\"height:36px\" aria-hidden=\"true\" class=\"wp-block-spacer\"><\/div>\n\n\n\n<div class=\"wp-block-columns is-layout-flex wp-container-core-columns-is-layout-28f84493 wp-block-columns-is-layout-flex\">\n<div class=\"wp-block-column is-layout-flow wp-block-column-is-layout-flow\">\n<figure class=\"wp-block-image size-full\"><img loading=\"lazy\" decoding=\"async\" width=\"577\" height=\"578\" src=\"https:\/\/casaforaui.org\/wp-content\/uploads\/2025\/05\/Captura-desde-2025-05-25-17-04-47.png\" alt=\"\" class=\"wp-image-209\"\/><\/figure>\n<\/div>\n\n\n\n<div class=\"wp-block-column is-layout-flow wp-block-column-is-layout-flow\">\n<figure class=\"wp-block-image size-full\"><img loading=\"lazy\" decoding=\"async\" width=\"556\" height=\"583\" src=\"https:\/\/casaforaui.org\/wp-content\/uploads\/2025\/05\/Captura-desde-2025-05-25-17-03-42.png\" alt=\"\" class=\"wp-image-210\"\/><\/figure>\n<\/div>\n<\/div>\n\n\n\n<div style=\"height:36px\" aria-hidden=\"true\" class=\"wp-block-spacer\"><\/div>\n\n\n\n<h5 class=\"wp-block-heading\">Qu\u00e8 \u00e9s?<\/h5>\n\n\n\n<p>Espai d\u2019aprenentatge com\u00fa on s\u2019imparteixen coneixements diversos per tal de pal\u00b7liar els efectes que l\u2019estructura econ\u00f2mica actual, que impossibilitat a les persones amb mancan\u00e7a de recursos gaudir d\u2019un lloc extraescolar de refor\u00e7 educatiu. A la nostra escola s\u2019imparteixen de manera gratu\u00efta classes de llengua espanyola, valenciana i classes de refor\u00e7 escolar durant diversos dies de la setmana. Al mateix temps, aquest espai crea un nexe multicultural de reciprocitat intergeneracional on totes aprenem de totes, des de valors fins a la pr\u00f2pia cultura.<\/p>\n\n\n\n<div style=\"height:36px\" aria-hidden=\"true\" class=\"wp-block-spacer\"><\/div>\n\n\n\n<h5 class=\"wp-block-heading\">Classes d&#8217;idiomes<\/h5>\n\n\n\n<div class=\"wp-block-columns is-layout-flex wp-container-core-columns-is-layout-28f84493 wp-block-columns-is-layout-flex\">\n<div class=\"wp-block-column is-layout-flow wp-block-column-is-layout-flow\">\n<p><strong>Valenci\u00e0<\/strong><br>A c\u00e0rrec del nostre volunt\u00e0ri Elies els dimarts a les 18h<br><br><strong>Castell\u00e0 dones<\/strong><br>A m\u00e0 del nostre volunt\u00e0ri Jorge els dimecres a les 09:30h<br><br><strong>Castell\u00e0 homes<\/strong><br>A c\u00e0rrec de la nostra volunt\u00e0ria Jessica els dimarts i dijous a les 19h<br><br><strong>Refor\u00e7 escolar<\/strong><br>A c\u00e0rrec de la nostra volunt\u00e0ria Cristina els dimecres a les 16:30h<br><br><strong>Castell\u00e0 per a les menudes<\/strong><br>A c\u00e0rrec de les nostres volunt\u00e0ries Cristina i Meriem els divendres a les 17h<\/p>\n<\/div>\n\n\n\n<div class=\"wp-block-column is-layout-flow wp-block-column-is-layout-flow\">\n<figure class=\"wp-block-image size-full is-resized\"><img loading=\"lazy\" decoding=\"async\" width=\"406\" height=\"319\" src=\"https:\/\/casaforaui.org\/wp-content\/uploads\/2025\/05\/hola.png\" alt=\"\" class=\"wp-image-369\" style=\"width:538px;height:auto\" srcset=\"https:\/\/casaforaui.org\/wp-content\/uploads\/2025\/05\/hola.png 406w, https:\/\/casaforaui.org\/wp-content\/uploads\/2025\/05\/hola-300x236.png 300w\" sizes=\"auto, (max-width: 406px) 100vw, 406px\" \/><\/figure>\n<\/div>\n<\/div>\n","protected":false},"excerpt":{"rendered":"<p>Qu\u00e8 \u00e9s? Espai d\u2019aprenentatge com\u00fa on s\u2019imparteixen coneixements diversos per tal de pal\u00b7liar els efectes que l\u2019estructura econ\u00f2mica actual, que impossibilitat a les persones amb mancan\u00e7a de recursos gaudir d\u2019un lloc extraescolar de refor\u00e7 educatiu. A la nostra escola s\u2019imparteixen de manera gratu\u00efta classes de llengua espanyola, valenciana i classes de refor\u00e7 escolar durant diversos [&hellip;]<\/p>\n","protected":false},"author":1,"featured_media":0,"parent":0,"menu_order":0,"comment_status":"closed","ping_status":"closed","template":"","meta":{"footnotes":""},"class_list":["post-84","page","type-page","status-publish","hentry"],"_links":{"self":[{"href":"https:\/\/casaforaui.org\/index.php\/wp-json\/wp\/v2\/pages\/84","targetHints":{"allow":["GET"]}}],"collection":[{"href":"https:\/\/casaforaui.org\/index.php\/wp-json\/wp\/v2\/pages"}],"about":[{"href":"https:\/\/casaforaui.org\/index.php\/wp-json\/wp\/v2\/types\/page"}],"author":[{"embeddable":true,"href":"https:\/\/casaforaui.org\/index.php\/wp-json\/wp\/v2\/users\/1"}],"replies":[{"embeddable":true,"href":"https:\/\/casaforaui.org\/index.php\/wp-json\/wp\/v2\/comments?post=84"}],"version-history":[{"count":5,"href":"https:\/\/casaforaui.org\/index.php\/wp-json\/wp\/v2\/pages\/84\/revisions"}],"predecessor-version":[{"id":370,"href":"https:\/\/casaforaui.org\/index.php\/wp-json\/wp\/v2\/pages\/84\/revisions\/370"}],"wp:attachment":[{"href":"https:\/\/casaforaui.org\/index.php\/wp-json\/wp\/v2\/media?parent=84"}],"curies":[{"name":"wp","href":"https:\/\/api.w.org\/{rel}","templated":true}]}}

<figure class="wp-block-image aligncenter size-full is-resized"><img loading="lazy" decoding="async" width="270" height="345" src="https://casaforaui.org/wp-content/uploads/2025/05/escola_Popular_Ca_Saforaui2.png" alt="" class="wp-image-222" style="width:200px"/></figure>



<div style="height:36px" aria-hidden="true" class="wp-block-spacer"></div>



<div class="wp-block-columns is-layout-flex wp-container-core-columns-is-layout-28f84493 wp-block-columns-is-layout-flex">
<div class="wp-block-column is-layout-flow wp-block-column-is-layout-flow">
<figure class="wp-block-image size-full"><img loading="lazy" decoding="async" width="577" height="578" src="https://casaforaui.org/wp-content/uploads/2025/05/Captura-desde-2025-05-25-17-04-47.png" alt="" class="wp-image-209"/></figure>
</div>



<div class="wp-block-column is-layout-flow wp-block-column-is-layout-flow">
<figure class="wp-block-image size-full"><img loading="lazy" decoding="async" width="556" height="583" src="https://casaforaui.org/wp-content/uploads/2025/05/Captura-desde-2025-05-25-17-03-42.png" alt="" class="wp-image-210"/></figure>
</div>
</div>



<div style="height:36px" aria-hidden="true" class="wp-block-spacer"></div>



<h5 class="wp-block-heading">Què és?</h5>



<p>Espai d’aprenentatge comú on s’imparteixen coneixements diversos per tal de pal·liar els efectes que l’estructura econòmica actual, que impossibilitat a les persones amb mancança de recursos gaudir d’un lloc extraescolar de reforç educatiu. A la nostra escola s’imparteixen de manera gratuïta classes de llengua espanyola, valenciana i classes de reforç escolar durant diversos dies de la setmana. Al mateix temps, aquest espai crea un nexe multicultural de reciprocitat intergeneracional on totes aprenem de totes, des de valors fins a la pròpia cultura.</p>



<div style="height:36px" aria-hidden="true" class="wp-block-spacer"></div>



<h5 class="wp-block-heading">Classes d&#8217;idiomes</h5>



<div class="wp-block-columns is-layout-flex wp-container-core-columns-is-layout-28f84493 wp-block-columns-is-layout-flex">
<div class="wp-block-column is-layout-flow wp-block-column-is-layout-flow">
<p><strong>Valencià</strong><br>A càrrec del nostre voluntàri Elies els dimarts a les 18h<br><br><strong>Castellà dones</strong><br>A mà del nostre voluntàri Jorge els dimecres a les 09:30h<br><br><strong>Castellà homes</strong><br>A càrrec de la nostra voluntària Jessica els dimarts i dijous a les 19h<br><br><strong>Reforç escolar</strong><br>A càrrec de la nostra voluntària Cristina els dimecres a les 16:30h<br><br><strong>Castellà per a les menudes</strong><br>A càrrec de les nostres voluntàries Cristina i Meriem els divendres a les 17h</p>
</div>



<div class="wp-block-column is-layout-flow wp-block-column-is-layout-flow">
<figure class="wp-block-image size-full is-resized"><img loading="lazy" decoding="async" width="406" height="319" src="https://casaforaui.org/wp-content/uploads/2025/05/hola.png" alt="" class="wp-image-369" style="width:538px;height:auto" srcset="https://casaforaui.org/wp-content/uploads/2025/05/hola.png 406w, https://casaforaui.org/wp-content/uploads/2025/05/hola-300x236.png 300w" sizes="auto, (max-width: 406px) 100vw, 406px" /></figure>
</div>
</div>

<p>Què és? Espai d’aprenentatge comú on s’imparteixen coneixements diversos per tal de pal·liar els efectes que l’estructura econòmica actual, que impossibilitat a les persones amb mancança de recursos gaudir d’un lloc extraescolar de reforç educatiu. A la nostra escola s’imparteixen de manera gratuïta classes de llengua espanyola, valenciana i classes de reforç escolar durant diversos [&hellip;]</p>
